(-8 + 6)*3/(-6). What is the highest common divisor of 58 and n?
58
Let l be 9 - 1 - (7 - 4). Suppose 4*m + l = 45. Let g be (-4)/10 - (-352)/5. What is the greatest common divisor of g and m?
10
Let a = 27 + -23. Suppose 2 = a*b - 30. Calculate the greatest common factor of 32 and b.
8
Suppose -5*w = 2*z - 599, -5*w = 15 + 10. What is the highest common factor of 234 and z?
78
Suppose 5*r + 15 = 3*t, -4*t + 4*r + 16 = -4. Suppose 0 = o, 0 = -t*n + 4*o + 56 + 104. What is the greatest common factor of 4 and n?
4
Let r = 21 + -18. Suppose 4*f + 4*t - 60 = t, -40 = -4*f + 2*t. What is the greatest common factor of r and f?
3
Let x be (-12 - (5 + -14)) + -2 + 1917. What is the greatest common divisor of 8 and x?
8
Suppose 3*b - 1735 = 5*x, -b + 2310 = 3*b - 5*x. Suppose 0 = 4*z + z - b. Let s(t) = -4*t - 5. Let a be s(-7). What is the greatest common factor of a and z?
23
Let y(q) = -2*q + 13. Let m be y(-6). Let v(n) = -n**2 + 18*n - 14. Let x be v(19). Let p = x - -58. Calculate the greatest common factor of m and p.
25
Suppose 176 = -1412*b + 1416*b. Calculate the greatest common factor of 33 and b.
11
Let h = 94 - 20. What is the highest common divisor of 333 and h?
37
Let o(m) = -m**3 + 11*m**2 + 25*m - 24. Let c be o(6). What is the greatest common factor of c and 18?
18
Let v(x) = x**3 - 9*x**2 + 25*x + 6. Let t be v(10). Suppose -8*j + t = -164. What is the greatest common factor of 5 and j?
5
Let h(p) = 5*p**2 - 2*p - 3. Let m be h(-3). Let x be 0 + (-8 - -12)/(1/4). What is the highest common factor of x and m?
16
Let z be 5 - (-7 + -59)*(-9)/(-6). What is the highest common divisor of 13 and z?
13
Suppose -6 - 6 = -6*n. Suppose n*z + 126 = -4*z. Let y be 6/z + 321/21. What is the greatest common factor of 6 and y?
3
Let u = -17 - -17. Suppose -2*c + 47 + 1 = u. Suppose -5*l - c = -4*p - 85, -21 = -2*l + 5*p. Calculate the greatest common factor of l and 104.
13
Suppose -3*z = -7*z - 704. Let a = 12 - z. Calculate the greatest common divisor of 47 and a.
47
Suppose -2*f = -8, 5*w + 2*f + 0*f = 3588. Let a be 2/3 - w/(-6). Suppose 0 = -3*b - 2*b + a. What is the greatest common factor of b and 24?
24
Let u = 162 + -84. Calculate the greatest common divisor of u and 858.
78
Let n(d) = -2*d**2 + 4*d + 11. Let w be n(5). Let o = w + -2. Let m = -13 - o. What is the highest common factor of m and 2?
2
Let n be -5*((-23)/46 - (-106)/(-4)). What is the highest common factor of n and 5?
5
Suppose 0 = -2*x + 5*v - 10, -5*v = -x + 2*x - 25. Suppose 352 = -x*g + 7*g. Calculate the greatest common factor of g and 22.
22
Let d = -136 + 140. Suppose -4*i + d*o = -6*i + 22, 0 = -3*i + 4*o + 63. What is the highest common factor of 85 and i?
17
Let m be (-12)/78 + 914/26. Let r = 0 - -5. Suppose 5*u - 33 = 2*f, 35 = r*u - f + 6. What is the greatest common factor of u and m?
5
Let n(h) = h**2 + h + 33. Let m(t) = t - 1. Let x be m(1). Let b be n(x). Let y be -4 + b + 0 + -3. What is the greatest common divisor of y and 39?
13
Suppose -5*c - 5*c = -480. What is the highest common divisor of c and 64?
16
Suppose c - 193 = a, 0 = 2*a + 2 + 8. Suppose c + 197 = 7*o. What is the highest common divisor of 5 and o?
5
Suppose -4*r = -0*r + 3*a - 2433, 5*a = -r + 604. Calculate the greatest common factor of r and 29.
29
Suppose -20 = -5*p + p. Suppose p*y = 9*y - 56. Let s(t) = 34*t + 1. Let z be s(1). Calculate the greatest common divisor of y and z.
7
Let v(s) be the second derivative of -s**4/12 - 13*s**3/6 - 19*s**2/2 + 27*s. Let o be v(-6). Calculate the highest common factor of 92 and o.
23
Let o(a) = 166*a + 9. Let g be o(3). Suppose -9*x - 75 = -g. What is the highest common factor of x and 72?
24
Let d(s) be the second derivative of s**3/6 - 11*s**2/2 - s. Let c be d(13). Suppose -55 = -c*y - 19. Calculate the highest common divisor of 72 and y.
18
Let i = -735 + 855. What is the highest common factor of 150 and i?
30
Suppose 20 = -0*k + 5*k. Suppose 16 = -4*m, 0*m - 1380 = -k*p + 4*m. Calculate the greatest common factor of 31 and p.
31
Suppose 8 = 2*x - 8. Suppose -5*b = -5*r + 985, 0 = -5*b - 3 + x. What is the greatest common factor of 22 and r?
22
Let v(o) = -o**3 - 2*o**2 + 5*o - 3. Let l be v(-4). Let x = l - -1. Calculate the highest common factor of 110 and x.
10
Let z = -595 - -928. What is the highest common factor of 18 and z?
9
Let u(p) = -p**3 - 13*p**2 - 13*p - 7. Suppose 3*b - f + 14 = -26, 8 = 2*f. Let k be u(b). Calculate the greatest common divisor of k and 40.
5
Suppose 5403 = 36*y + 759. Calculate the highest common divisor of y and 172.
43
Suppose -563 = -10*k + 767. Calculate the greatest common factor of k and 76.
19
Let q = -24013 - -16181. Let a be (-6)/(-10) - q/55. Let n be 2/6 - (-76)/6. Calculate the highest common divisor of a and n.
13
Let d = 302 + -196. Suppose -d = -2*t + 2*k, -7*t + 301 = -2*t + 4*k. Calculate the greatest common factor of 38 and t.
19
Suppose 0 = 2*k + 2*k - 20. Suppose n - 13 - k = 0. Let s = 0 + n. What is the greatest common divisor of s and 9?
9
Let s be -2*1 - (-12)/(-4). Let w = -5 - s. Suppose -2*r - 22 = -t - 3*t, -3*t - r + 4 = w. Calculate the highest common divisor of 2 and t.
1
Suppose 3*b + 2*t = -2*t - 3, -4*t = -3*b + 21. Suppose -b*y + 42 = 4*m - 0*y, -2*y - 4 = 0. Calculate the highest common divisor of 60 and m.
12
Let n be (-3)/(3*4/(-44)). Let m(k) = 13*k - 3 + 1 + 0 - 7 - k**2. Let s be m(n). What is the highest common factor of 65 and s?
13
Let s be 5*-1 - (-78 - -19). What is the greatest common factor of s and 6?
6
Suppose 18*i - 554 - 2110 = 0. Suppose j + 1 - 5 = 5*s, 3*s = -4*j + 16. Suppose s = 5*v - i - 92. What is the greatest common divisor of v and 6?
6
Let g be (153/12)/(1/4). Let c be 12 - (-8)/(128/8784). What is the highest common divisor of c and g?
51
Suppose 22*a - 1189 - 65 = 0. What is the greatest common divisor of a and 285?
57
Let b = -332 - -557. What is the greatest common factor of 9 and b?
9
Let s = 35 - 29. Let k be s/(-16)*-1 + (-680)/(-64). What is the highest common divisor of k and 1?
1
Let n be (-2 + 1)/((-1)/3). Let k(m) = 35*m**2 + 8*m + 4. Let p be k(-4). Suppose c - p = -n*c. What is the greatest common factor of 19 and c?
19
Let v(f) = -f**3 + 10*f**2 + f - 1. Let b be v(10). Let q be ((-6)/(-36) - 0)*18. Calculate the greatest common factor of b and q.
3
Suppose 4 = -v + 3*v. Suppose -v*z - 2*i = -604, -5*i - 1190 = -4*z - 0*z. Let c be (32 - (5 + -2)) + 1. Calculate the highest common divisor of c and z.
30
Let o(b) = 13*b - 5. Let d be o(-4). Let m = -14 - d. What is the greatest common divisor of m and 473?
43
Suppose 8*y + 376 = 1520. What is the highest common divisor of 13 and y?
13
Let t = 232 - 168. Let m be (-63)/12*(-8)/(-2). Let n = m - -29. Calculate the greatest common factor of t and n.
8
Let u = 41 + -27. Let k be (9 - u)/(2/(-6)). Calculate the highest common factor of 5 and k.
5
Let w be -92*(0 - -1)*2/(-2). Calculate the highest common factor of w and 46.
46
Suppose 2*c - q = 43, -q + 18 = c - 5*q. Let f = -54 + 109. Calculate the greatest common factor of c and f.
11
Let b(u) = 161*u**2 + 4*u. Let m be b(1). Suppose 71 = 4*x + 4*f - m, 4*f = x - 44. Calculate the greatest common factor of x and 14.
14
Suppose -16 = -3*x + 41. Suppose 36 = -2*o - 34. Let p = o + 54. What is the greatest common factor of x and p?
19
Let y be ((-5)/(50/6))/((-40)/4800). What is the highest common factor of 288 and y?
72
Suppose c = 4*j + 16, -21*c + 23*c + j = 5. Suppose 0 = -f - 10 + 26. What is the greatest common factor of c and f?
4
Let u = -21 + 16. Let r(v) = 13*v**2 - 4*v - 5. Let i be r(u). Suppose -2*a - j = -133, 0*a + j - i = -5*a. Calculate the greatest common factor of a and 23.
23
Let p be 2/(-17) - 33580/391. Let i be 42/4*-12*-1. Let c = p + i. Calculate the highest common divisor of c and 60.
20
Suppose -8 = -t + 3*k, 3*k = -2*k - 5. Suppose -2*v = g - 2*g - 209, -v = t*g - 99. What is the greatest common factor of v and 156?
52
Suppose -16*c + 14976 = 36*c. Calculate the greatest common factor of c and 4.
4
Let h(p) = -5*p - 49. Let a be h(-13). Let y = 277 + -197. Calculate the highest common divisor of a and y.
16
Let d be 2*(1 + 63/(-6)). Suppose 2 = 4*c + 2*n, -n - 3 = 4*c - 4*n. Let a = c - d. Calculate the highes